e of g**5/30 + g**4/24 - g**3/6 + 197*g**2 + 3. Let j = 1 + -3. Give x(j).
5
Let i(a) = -a**2 - 3*a + 8. Let u be i(5). Let w = u - -37. Let n(c) = 2*c - 4 - c + 4*c - c. Determine n(w).
16
Let u be 2/10 - (-12)/(-10). Let p(i) = i**3 - 4*i**2 + 4*i. Let g be p(3). Let h(s) = -3*s**2 + 2*s**3 - 2*s + 3*s + 2*s**2 + 1 + 0*s**g. Give h(u).
-3
Let i(r) = -r**3 - 12*r**2 - 13*r - 13. Let x(d) = d**2 - 29*d - 11. Let m be x(0). Determine i(m).
9
Suppose -68*x - x + 20 = -325. Let k(o) = o**2 + 2*o. Let r be k(-3). Let b(u) = -u**2 + 2 + 7*u - r - 4. Give b(x).
5
Let o(g) = g**3 - 8*g**2 + 4*g + 24. Let h(p) = p**2 + 4*p + 7. Let z be h(0). What is o(z)?
3
Let p(h) be the third derivative of h**5/60 + h**4/6 - 2*h**3/3 + 2*h**2 - 49*h. Give p(3).
17
Let s = 14 - 12. Let b(i) = -56*i**3 + 0 + 2 + 2*i - 4 + 57*i**3. Calculate b(s).
10
Let k(a) be the third derivative of -a**8/6720 - a**7/504 + a**6/90 - a**4/24 - 13*a**2. Let n(w) be the second derivative of k(w). Calculate n(-6).
-12
Let x be (-3 - 11)/(-8 + 10). Let b(d) = -d**3 - 8*d**2 - 7*d + 7. Determine b(x).
7
Let s(n) = n. Suppose -4*w + 3 = 4*g - 5, 0 = g - 3. Let c(p) = p - 1. Let q(i) = w*c(i) + 2*s(i). Determine q(5).
6
Let r(p) = 3*p**3 - 4*p + 1. Let x(y) = 4*y**3 - 5*y + 2. Let f(h) = 5*r(h) - 4*x(h). Calculate f(0).
-3
Let m(h) = -h**3 + 5*h**2 - 2*h - 11. Let a(t) = -t**2 + 2*t - 1. Let u(d) = -a(d) + m(d). Calculate u(5).
-5
Let k(v) be the third derivative of 0*v + 0 - v**3 - 1/24*v**4 + 1/120*v**5 - 9*v**2. Let u(f) be the first derivative of k(f). What is u(1)?
0
Let j(s) = 11*s - 2. Let x be j(0). Let t(g) be the third derivative of 0*g - 1/6*g**3 + 1/12*g**4 + 1/60*g**6 + 1/15*g**5 + g**2 + 0. What is t(x)?
-5
Let g(c) be the second derivative of c**5/20 + 2*c**4/3 - c**3/6 + 4*c**2 - 92*c. Give g(-8).
16
Let l(y) = 37 + 276*y - 38 - 139*y - 138*y. Suppose 2*a - 7*a = 35. What is l(a)?
6
Let s(v) = 2*v**2 - 5*v + 3. Let a be s(3). Let q be (a/9)/(6/(-27)). Let t(r) = 0*r**3 + r**3 + 5*r + 3 + 4*r**2 - 1. What is t(q)?
-4
Let w(i) be the third derivative of 0 + 0*i + 1/24*i**4 - 31*i**2 + 5/6*i**3. Suppose -2*z = z. What is w(z)?
5
Suppose 0 = -r + 2*r. Suppose -6 = -3*n - 0. Let k(f) = 3*f + 8. Let t(w) = -4*w - 9. Let j(x) = n*t(x) + 3*k(x). Give j(r).
6
Let m(v) = -2*v**2 + 5*v - 3. Let t(y) = -y**3 - 9*y**2 - 4*y + 37. Let n be t(-8). Suppose -2*a - n + 13 = 0. Give m(a).
-15
Let l(i) be the third derivative of -i**8/3360 - i**7/2520 + 5*i**4/8 - 28*i**2. Let b(s) be the second derivative of l(s). Give b(-2).
12
Let h(v) = -30*v + 36. Let y(t) = -7*t + 9. Let z(c) = 2*h(c) - 9*y(c). Let n(l) = 2*l - 9. Let d(k) = 4*n(k) - 3*z(k). Determine d(0).
-9
Let n(b) be the first derivative of 3*b**2 - b - 6. Let g(y) = -y**2 + 10*y + 10. Let z(m) = 2*m - 7. Let p be z(9). Let w be g(p). Determine n(w).
-7
Let l(w) = 2*w + 11. Suppose 0 = -g + 60 - 65. Calculate l(g).
1
Let p(u) be the second derivative of u**8/6720 - u**7/2520 + u**6/720 - u**5/120 - 5*u**4/6 - 16*u. Let s(z) be the third derivative of p(z). Give s(1).
0
Let m be 4 + 1/(1 - 2). Let r(c) = 2*c**m - 3*c**2 + 0*c - 2 - 2*c**3 - c**3 + 2*c. Suppose -11*o + 12 = -14*o. What is r(o)?
6
Let g(c) be the third derivative of c**4/3 - c**3/2 - 4*c**2 - 3*c. Calculate g(4).
29
Let v(i) = 3*i**3 + 42750*i - 42751*i - 3 + 5*i**2 - 4*i**3. Let q be 0 + 1 - (2 - 4). Let m = 7 - q. Determine v(m).
9
Let f(x) = -x**2 + 2. Let s(y) = -y**2 + y + 7. Let j be s(0). Let u(o) = o - 3. Let w be u(j). Suppose -z = -w*k + 11, -5*k + 0 + 25 = -5*z. Determine f(z).
-7
Let l be (4/10)/(2*(-3)/(-30)). Let y(g) = -2 - 3 + l + g + 4*g. What is y(4)?
17
Let p(n) = -n**3 + 7*n**2 + 8*n - 2. Let f(m) = -6*m**3 + 34*m**2 + 40*m - 11. Let i(u) = 2*f(u) - 11*p(u). Let d = -23 - -15. Calculate i(d).
0
Suppose -3*a = -1 - 11. Suppose a*j - 5*j = 0. Let z(i) = -1 + 6 + 12*i - 11*i + i**3. What is z(j)?
5
Let x be (0*(-2)/4)/(-2). Let n(y) = x + 2*y**2 + 0*y + y + 3*y**3 + 4 - 4*y**3. Let f = -572 - -575. Give n(f).
-2
Let v(a) = a**3 - 5*a**2 - 2*a + 14. Suppose 4*g - 2 = -5*u + 27, -4*u - 4*g = -24. Calculate v(u).
4
Suppose 0 = -4*a + 5*z + 8 - 1, 3*a - 14 = -5*z. Suppose 2*x - 3*x + 5 = 0. Let m(o) = -x + 5 + o + 1. Calculate m(a).
4
Let k(h) = 5*h**2 + 376*h**3 - 766*h**3 + 389*h**3. Let t be 42/8 - (-1)/(-4). Calculate k(t).
0
Let r(t) = -t**3 + 9*t**2 - 8*t - 11. Let f be 9/(-6)*(-5)/(15/16). Calculate r(f).
-11
Let l(o) = -10*o**3 - 2*o**2 + 2*o - 1. Suppose -4*v = -40 - 12. Let x(n) = -n**3 + 12*n**2 + 14*n - 12. Let u be x(v). Calculate l(u).
-11
Let k(c) = 3 + 2*c - 5*c - c**2 - c**3 + 3*c**2. Suppose 0 = -9*i + 5*i + 32. Suppose -10*u + 6*u + i = 0. What is k(u)?
-3
Let k(s) = -s**2 - 2*s + 3. Let p = 202 - 197. Determine k(p).
-32
Let p(u) be the third derivative of u**4/12 + u**3/6 + 135*u**2. Give p(-3).
-5
Let c(a) = -3*a - 48. Suppose -3*n + 56 = -3*l - l, l + 5*n + 14 = 0. Give c(l).
-6
Let r(d) = d + 2. Let k(h) = -h**2 - 3*h + 5. Let x(m) = 2*m**2 + 6*m - 10. Let g(o) = -9*k(o) - 4*x(o). Let z be g(-6). Suppose -z = 5*f + 17. Calculate r(f).
-4
Let q(u) = 27*u. Let v be 6*(3/3)/6. Let d be q(v). Let m be 114/d - (-2)/(-9). Let s(k) = -k**3 + 4*k**2 + 2. Give s(m).
2
Let r(p) = -p**3 - 3*p**2 + 6*p + 6. Let v be r(-4). Let t be (36/(-8))/((-1)/v). Let a be ((-2)/3)/(2/t). Let j(n) = -n**3 + 4*n**2 - 4*n + 1. Give j(a).
-2
Let z(g) = -3 + 4*g - g - 2*g. Let t = -31 - -37. Let a be 24/(-16) + 51/t. Calculate z(a).
4
Let r be 4/4*2 - (0 + 0). Let j(q) = 5*q - r - 2*q - 2*q + q. Let a = 3 + -8. Calculate j(a).
-12
Let r(x) = -x**2 + 10*x - 8. Let i = -14 - -115. Suppose 4*p + 73 = i. What is r(p)?
13
Let x be -2*(2 + (-18)/4). Let o(l) = l - 5 - l**2 + x. Let z = 102 - 99. What is o(z)?
-6
Let w(y) = -150*y - 600. Let k(g) = -2*g - 6. Let a(l) = -100*k(l) + w(l). Determine a(1).
50
Let o = -323 - -333. Let k(p) = p**2 - 11*p + 10. Determine k(o).
0
Let q(z) = 0 - 134*z**3 + z + 225*z**3 - 2 - 92*z**3. Let m be 1 + -1 + 1 + -1. Calculate q(m).
-2
Let h(a) = 241*a - 98*a - 144*a + a**2. Determine h(2).
2
Let k be (5/(-10))/(1/(-2)). Let s(d) = -3*d**2 + d**3 - 7*d + 8*d - 4 + k + 2. Determine s(2).
-3
Let n(v) be the second derivative of 5*v**4/4 - v**3/6 - v**2/2 + 4*v. Suppose -8*w - 23 = 15*w. What is n(w)?
15
Let y(r) = -3*r + 12. Let g(h) = -h + 8. Let s(q) = 4*g(q) - y(q). Determine s(21).
-1
Suppose 43 - 28 = 5*k. Let b(g) = 3*g**2 + g - 1481*g**3 + g**2 + 1 + 1482*g**k. Give b(-4).
-3
Let h(k) = 2*k**3 - 2*k**2 - k. Suppose 5*v + 107 = 2*z - 128, -5*v = -z + 240. Let d be 4/14 - 84/v. Determine h(d).
6
Suppose -3*q + 1 = 10. Let j(z) = -4*z + 6. Let f(v) = -v. Let w(n) = q*f(n) + j(n). Suppose 2*p - p + 12 = 2*d, -2*d = -6. Calculate w(p).
12
Suppose 3*c = 4*c. Let g = 21 - 12. Let s(f) = 6 + f - 7 - g. Calculate s(c).
-10
Let r be 1/1*(-1 + 6). Let f(n) = -2 + 5*n - n + r*n - 10*n. What is f(-7)?
5
Let a(g) = g + 7. Let z be a(-7). Suppose -3*c + 8 = -b, -3*c = -z - 3. Let v(x) be the first derivative of x**3/3 + 5*x**2/2 + 2*x - 3. Give v(b).
2
Suppose -2*k + 4*z = -3*k, 2*k + 2*z + 6 = 0. Let u(p) = -4 + 3*p + 9*p**3 - 3*p**2 - 16*p**3 + 6*p**3. What is u(k)?
0
Let d(p) be the second derivative of -p**5/10 - p**4/6 - p**3/3 - p**2/2 - 39*p - 1. Give d(-1).
1
Let c = -5 + 13. Suppose -m - 6*m - 56 = 0. Let y = c + m. Let r(a) = a**3 - a + 4. Determine r(y).
4
Let c(n) = n - 3. Let y be (-6)/(-4) - 15/10. Suppose y = -2*k + k + 7. Calculate c(k).
4
Let g(k) be the first derivative of 11*k - 14 + 1/2*k**2. What is g(-7)?
4
Let j(f) = 2 + 1634*f**2 + 14*f - 16*f - 1629*f**2. Let p(t) be the second derivative of t**4/12 - t**2 + 2*t. Let l be p(-2). What is j(l)?
18
Let u(d) = 12*d**2. Suppose 45*z = 48*z - 144. Let p = z - 49. What is u(p)?
12
Let u(z) = -184 - 6*z - 5*z + 89 + 100. Give u(1).
-6
Let h be 3/(12/(-86)) - (-3)/6. Let x = -15 - h. Let k(z) = z**3 - 7*z**2 + 7*z + 4. Give k(x).
10
Let g(y) = y**2 + 9*y + 10. Let k = -19 + 32. Let d be k + (0/(-3))/(-1). Suppose 4*c + 20 = -o - 3*o, 4*o = -3*c - d. Determine g(c).
-4
Let x(c) = 4*c**3 + 7*c**2 + 3*c - 5. Let r(g) = 9*g**3 + 13*g**2 + 4*g - 9. Let j(d) = 3*r(d) - 7*x(d). Let i = 3 - 12. Determine j(i).
8
Let b(l) = -2*l - 1. Let a be b(-1). Let h be a/((4/4)/(-3)). Let v(s